{"id":366,"date":"2020-10-30T18:34:14","date_gmt":"2020-10-30T16:34:14","guid":{"rendered":"https:\/\/eatemotions.de\/?post_type=product&#038;p=366"},"modified":"2021-08-04T19:19:40","modified_gmt":"2021-08-04T17:19:40","slug":"eatemotions-kugelschreiber-5-stueck","status":"publish","type":"product","link":"https:\/\/eatemotions.de\/?product=eatemotions-kugelschreiber-5-stueck","title":{"rendered":"EatEmotions Kugelschreiber 5 St\u00fcck"},"content":{"rendered":"<p>Normale Kugelschreiber f\u00fcr den T\u00e4glichen Gebrauch . Liegt sehr super in der Hand .<\/p>\n<p>Schriftfarbe : Blau<\/p>\n<p>Verpackung : 5 St\u00fcck<\/p>\n","protected":false},"excerpt":{"rendered":"<p>Normale Kugelschreiber f\u00fcr den T\u00e4glichen Gebrauch . Liegt sehr super in der Hand . Schriftfarbe : Blau Verpackung : 5 St\u00fcck<\/p>\n","protected":false},"featured_media":368,"comment_status":"open","ping_status":"closed","template":"","meta":[],"product_brand":[],"product_cat":[31],"product_tag":[],"class_list":{"0":"post-366","1":"product","2":"type-product","3":"status-publish","4":"has-post-thumbnail","6":"product_cat-eatemotions-by-pierre-weih-merchandising","7":"product_shipping_class-kleinteile","9":"first","10":"instock","11":"taxable","12":"shipping-taxable","13":"purchasable","14":"product-type-simple"},"_links":{"self":[{"href":"https:\/\/eatemotions.de\/index.php?rest_route=\/wp\/v2\/product\/366","targetHints":{"allow":["GET"]}}],"collection":[{"href":"https:\/\/eatemotions.de\/index.php?rest_route=\/wp\/v2\/product"}],"about":[{"href":"https:\/\/eatemotions.de\/index.php?rest_route=\/wp\/v2\/types\/product"}],"replies":[{"embeddable":true,"href":"https:\/\/eatemotions.de\/index.php?rest_route=%2Fwp%2Fv2%2Fcomments&post=366"}],"wp:featuredmedia":[{"embeddable":true,"href":"https:\/\/eatemotions.de\/index.php?rest_route=\/wp\/v2\/media\/368"}],"wp:attachment":[{"href":"https:\/\/eatemotions.de\/index.php?rest_route=%2Fwp%2Fv2%2Fmedia&parent=366"}],"wp:term":[{"taxonomy":"product_brand","embeddable":true,"href":"https:\/\/eatemotions.de\/index.php?rest_route=%2Fwp%2Fv2%2Fproduct_brand&post=366"},{"taxonomy":"product_cat","embeddable":true,"href":"https:\/\/eatemotions.de\/index.php?rest_route=%2Fwp%2Fv2%2Fproduct_cat&post=366"},{"taxonomy":"product_tag","embeddable":true,"href":"https:\/\/eatemotions.de\/index.php?rest_route=%2Fwp%2Fv2%2Fproduct_tag&post=366"}],"curies":[{"name":"wp","href":"https:\/\/api.w.org\/{rel}","templated":true}]}}