{"id":623,"date":"2021-02-22T18:34:39","date_gmt":"2021-02-22T16:34:39","guid":{"rendered":"https:\/\/eatemotions.de\/?post_type=product&#038;p=623"},"modified":"2024-09-11T13:37:10","modified_gmt":"2024-09-11T11:37:10","slug":"olio-miterra-bio-olivenoel-500ml","status":"publish","type":"product","link":"https:\/\/eatemotions.de\/?product=olio-miterra-bio-olivenoel-500ml","title":{"rendered":"Olio Miterra Bio-Oliven\u00f6l 250ml"},"content":{"rendered":"<p>Bio &#8211; Oliven\u00f6l eine K\u00f6stlichkeit aus Kalabrien von meinem Freund Giovanni und Christina. Deren Familie produziert eines der besten Oliven\u00f6le und Essige.<\/p>\n<p>Das erstklassiges \u201eExtra Vergine\u201c Bio Oliven\u00f6l stammt direkt vom Hersteller aus Kalabrien. Verw\u00f6hnt von der Sonne Kalabriens, werden die Oliven in alten Olivenhainen sorgf\u00e4ltig geerntet und schon kurz danach mit den ebenfalls frisch geernteten Clementinen zusammen nach traditioneller Art in der Steinm\u00fchle kalt gepresst. Dies ergibt das besonders hochwertige \u201eExtra Vergine\u201c Oliven\u00f6l. Durch diese Herstellungsart erh\u00e4lt das \u00d6l seine unvergleichlich feine, frische und leichte Geschmacksnote. Auch die Qualit\u00e4t des Oliven\u00f6ls ist durch dieses schonende Verfahren besonders erlesen. Dazu kommt der gesundheitliche Aspekt, denn Oliven\u00f6l enth\u00e4lt zahlreiche wertvolle Stoffe. Das feine Aroma und die ausgesuchte Qualit\u00e4t machen unser Bio \u00a0Oliven\u00f6l zu einem hochwertigen Produkt, das in keiner K\u00fcche fehlen sollte.<\/p>\n<p>Das feine Oliven\u00f6l passt mit seinem dezenten Fruchtaroma zu zahlreichen Speisen. In einer Vinaigrette f\u00fcr Blatt- und gemischte Salate etwa entfaltet sich das feine Aroma des \u00d6ls besonders gut. Auch zum Braten von Fischgerichten passt das Bio Oliven\u00f6l sehr gut. Angenehm tritt dabei das leichte Fruchtaroma hervor, das hervorragend mit dem Fisch harmoniert. Grillgerichte und mediterrane Gem\u00fcse lassen sich mit diesem aromatischen Bio Oliven\u00f6l ebenfalls verfeinern und erhalten dadurch einen besonders raffinierten Geschmack.<\/p>\n<p>Das kalt gepresste, aromatische Olio Miterra Bio Oliven\u00f6l ist in der 250 ml Flasche erh\u00e4ltlich und sollte dunkel aufbewahrt werden.<\/p>\n<p>Menge pro 100 g<\/p>\n<ul id=\"naerwerte\" class=\"list-unstyled funktions-attribut\">\n<li><strong>Brennwert<\/strong>\u00a03.765 kJ \/ 900,0 kcal<\/li>\n<li><strong>Fett<\/strong>\u00a090 g<\/li>\n<li><strong>davon ges\u00e4ttigte Fetts\u00e4uren<\/strong>\u00a09,0 g<\/li>\n<li><strong>davon einfach unges\u00e4ttigte Fetts\u00e4uren<\/strong>\u00a073,0 g<\/li>\n<li><strong>davon mehrfach unges\u00e4ttigte Fetts\u00e4uren<\/strong>\u00a08,0 g<\/li>\n<li><strong>Kohlenhydrate<\/strong>\u00a00,0 g<\/li>\n<li><strong>davon Zucker<\/strong>\u00a00,0 g<\/li>\n<li><strong>Eiwei\u00dfgehalt<\/strong>\u00a00,0 g<\/li>\n<li><strong>Salz<\/strong>\u00a00,0 g<\/li>\n<\/ul>\n<p>Verantwortlicher Unternehmer: Olio Miterra , G.Forciniti ,Kaiserh\u00f6he 4 ,59846 Sundern<\/p>\n<p>&nbsp;<\/p>\n","protected":false},"excerpt":{"rendered":"<p>Grundpreis : 1 Liter \/ 63,60\u20ac<\/p>\n","protected":false},"featured_media":625,"comment_status":"open","ping_status":"closed","template":"","meta":[],"product_brand":[],"product_cat":[17],"product_tag":[],"class_list":{"0":"post-623","1":"product","2":"type-product","3":"status-publish","4":"has-post-thumbnail","6":"product_cat-oliven-oel-aus-italien","8":"first","9":"instock","10":"taxable","11":"shipping-taxable","12":"purchasable","13":"product-type-simple"},"_links":{"self":[{"href":"https:\/\/eatemotions.de\/index.php?rest_route=\/wp\/v2\/product\/623","targetHints":{"allow":["GET"]}}],"collection":[{"href":"https:\/\/eatemotions.de\/index.php?rest_route=\/wp\/v2\/product"}],"about":[{"href":"https:\/\/eatemotions.de\/index.php?rest_route=\/wp\/v2\/types\/product"}],"replies":[{"embeddable":true,"href":"https:\/\/eatemotions.de\/index.php?rest_route=%2Fwp%2Fv2%2Fcomments&post=623"}],"wp:featuredmedia":[{"embeddable":true,"href":"https:\/\/eatemotions.de\/index.php?rest_route=\/wp\/v2\/media\/625"}],"wp:attachment":[{"href":"https:\/\/eatemotions.de\/index.php?rest_route=%2Fwp%2Fv2%2Fmedia&parent=623"}],"wp:term":[{"taxonomy":"product_brand","embeddable":true,"href":"https:\/\/eatemotions.de\/index.php?rest_route=%2Fwp%2Fv2%2Fproduct_brand&post=623"},{"taxonomy":"product_cat","embeddable":true,"href":"https:\/\/eatemotions.de\/index.php?rest_route=%2Fwp%2Fv2%2Fproduct_cat&post=623"},{"taxonomy":"product_tag","embeddable":true,"href":"https:\/\/eatemotions.de\/index.php?rest_route=%2Fwp%2Fv2%2Fproduct_tag&post=623"}],"curies":[{"name":"wp","href":"https:\/\/api.w.org\/{rel}","templated":true}]}}

Olio Miterra Bio-Olivenöl 250ml

<p>Bio &#8211; Olivenöl eine Köstlichkeit aus Kalabrien von meinem Freund Giovanni und Christina. Deren Familie produziert eines der besten Olivenöle und Essige.</p>
<p>Das erstklassiges „Extra Vergine“ Bio Olivenöl stammt direkt vom Hersteller aus Kalabrien. Verwöhnt von der Sonne Kalabriens, werden die Oliven in alten Olivenhainen sorgfältig geerntet und schon kurz danach mit den ebenfalls frisch geernteten Clementinen zusammen nach traditioneller Art in der Steinmühle kalt gepresst. Dies ergibt das besonders hochwertige „Extra Vergine“ Olivenöl. Durch diese Herstellungsart erhält das Öl seine unvergleichlich feine, frische und leichte Geschmacksnote. Auch die Qualität des Olivenöls ist durch dieses schonende Verfahren besonders erlesen. Dazu kommt der gesundheitliche Aspekt, denn Olivenöl enthält zahlreiche wertvolle Stoffe. Das feine Aroma und die ausgesuchte Qualität machen unser Bio  Olivenöl zu einem hochwertigen Produkt, das in keiner Küche fehlen sollte.</p>
<p>Das feine Olivenöl passt mit seinem dezenten Fruchtaroma zu zahlreichen Speisen. In einer Vinaigrette für Blatt- und gemischte Salate etwa entfaltet sich das feine Aroma des Öls besonders gut. Auch zum Braten von Fischgerichten passt das Bio Olivenöl sehr gut. Angenehm tritt dabei das leichte Fruchtaroma hervor, das hervorragend mit dem Fisch harmoniert. Grillgerichte und mediterrane Gemüse lassen sich mit diesem aromatischen Bio Olivenöl ebenfalls verfeinern und erhalten dadurch einen besonders raffinierten Geschmack.</p>
<p>Das kalt gepresste, aromatische Olio Miterra Bio Olivenöl ist in der 250 ml Flasche erhältlich und sollte dunkel aufbewahrt werden.</p>
<p>Menge pro 100 g</p>
<ul id="naerwerte" class="list-unstyled funktions-attribut">
<li><strong>Brennwert</strong> 3.765 kJ / 900,0 kcal</li>
<li><strong>Fett</strong> 90 g</li>
<li><strong>davon gesättigte Fettsäuren</strong> 9,0 g</li>
<li><strong>davon einfach ungesättigte Fettsäuren</strong> 73,0 g</li>
<li><strong>davon mehrfach ungesättigte Fettsäuren</strong> 8,0 g</li>
<li><strong>Kohlenhydrate</strong> 0,0 g</li>
<li><strong>davon Zucker</strong> 0,0 g</li>
<li><strong>Eiweißgehalt</strong> 0,0 g</li>
<li><strong>Salz</strong> 0,0 g</li>
</ul>
<p>Verantwortlicher Unternehmer: Olio Miterra , G.Forciniti ,Kaiserhöhe 4 ,59846 Sundern</p>
<p>&nbsp;</p>
